{"id":28,"date":"2015-11-09T13:54:20","date_gmt":"2015-11-09T12:54:20","guid":{"rendered":"http:\/\/www.chateau-des-aiguilles.com\/all\/?page_id=28"},"modified":"2015-11-26T17:09:18","modified_gmt":"2015-11-26T16:09:18","slug":"zen","status":"publish","type":"page","link":"https:\/\/www.chateau-des-aiguilles.com\/all\/zen\/","title":{"rendered":"ZEN"},"content":{"rendered":"<p>G\u00e4stezimmer: Zen<br \/>\nDas ger\u00e4umige Familieng\u00e4stezimmer &#8211; in angenehmen, beruhigenden Farbt\u00f6nen (Ambiance \u201ecosy\u201c) gestaltet \u2013 ist mit einem Doppelbett (160 cm) sowie zwei Einzelbetten (90 cm) ausgestattet; ein weiteres Einzelbett ist auf Wunsch m\u00f6glich. Nicht nur das gro\u00dfe Badezimmer l\u00e4dt zum Entspannen ein, sondern auch der Blick auf den Pool und das Dorf Usson. (Fernseher und W-Lan gratis).<br \/>\nMaximale Personenzahl 5<\/p>\n<p>Preise :<\/p>\n<p>1 Person: 90 \u20ac<br \/>\n2 Personen: 120 \u20ac<br \/>\n3 oder 4 Personen 150 \u20ac<br \/>\n5 Personen : 180\u20ac<br \/>\nBabybett: 20 \u20ac<\/p>\n<p><a href=\"http:\/\/www.chateau-des-aiguilles.com\/en\/wp-content\/uploads\/sites\/3\/2015\/08\/chambre_zen_hote_issoire.jpg\"><img fetchpriority=\"high\" decoding=\"async\" class=\"alignnone size-full wp-image-34\" src=\"http:\/\/www.chateau-des-aiguilles.com\/en\/wp-content\/uploads\/sites\/3\/2015\/08\/chambre_zen_hote_issoire.jpg\" alt=\"chambre_zen_hote_issoire\" width=\"1152\" height=\"768\" \/><br \/>\n<\/a><\/p>\n<p><img decoding=\"async\" class=\"alignright wp-image-279 size-medium\" src=\"http:\/\/www.chateau-des-aiguilles.com\/en\/wp-content\/uploads\/sites\/3\/2015\/08\/bouton-reserver-en-300x83.png\" alt=\"bouton-reserver-en\" width=\"300\" height=\"83\" \/><\/p>\n<p><img decoding=\"async\" class=\"wp-image-291 size-medium alignleft\" src=\"http:\/\/www.chateau-des-aiguilles.com\/en\/wp-content\/uploads\/sites\/3\/2015\/08\/salle_de_bain_chambre_zen-200x300.jpg\" alt=\"salle_de_bain_chambre_zen\" width=\"200\" height=\"300\" \/><\/p>\n<p><a href=\"http:\/\/www.chateau-des-aiguilles.com\/all\/wp-content\/uploads\/sites\/4\/2015\/11\/chambre-zen-chateau.jpg\"><img loading=\"lazy\" decoding=\"async\" class=\"alignleft size-medium wp-image-181\" src=\"http:\/\/www.chateau-des-aiguilles.com\/all\/wp-content\/uploads\/sites\/4\/2015\/11\/chambre-zen-chateau-225x300.jpg\" alt=\"chambre zen chateau\" width=\"225\" height=\"300\" srcset=\"https:\/\/www.chateau-des-aiguilles.com\/all\/wp-content\/uploads\/sites\/4\/2015\/11\/chambre-zen-chateau-225x300.jpg 225w, https:\/\/www.chateau-des-aiguilles.com\/all\/wp-content\/uploads\/sites\/4\/2015\/11\/chambre-zen-chateau.jpg 450w\" sizes=\"(max-width: 225px) 100vw, 225px\" \/><\/a><\/p>\n","protected":false},"excerpt":{"rendered":"<p>G\u00e4stezimmer: Zen Das ger\u00e4umige Familieng\u00e4stezimmer &#8211; in angenehmen, beruhigenden Farbt\u00f6nen (Ambiance \u201ecosy\u201c) gestaltet \u2013 ist mit einem Doppelbett (160 cm) sowie zwei Einzelbetten (90 cm) ausgestattet; ein weiteres Einzelbett ist auf Wunsch m\u00f6glich. Nicht nur das gro\u00dfe Badezimmer l\u00e4dt zum Entspannen ein, sondern auch der Blick auf den Pool und das Dorf Usson. (Fernseher und <a class=\"more-link\" href=\"https:\/\/www.chateau-des-aiguilles.com\/all\/zen\/\">Lire plus &#8230;<\/a><\/p>\n","protected":false},"author":1,"featured_media":0,"parent":0,"menu_order":0,"comment_status":"closed","ping_status":"closed","template":"","meta":{"ngg_post_thumbnail":0,"footnotes":""},"class_list":["post-28","page","type-page","status-publish","hentry"],"_links":{"self":[{"href":"https:\/\/www.chateau-des-aiguilles.com\/all\/wp-json\/wp\/v2\/pages\/28","targetHints":{"allow":["GET"]}}],"collection":[{"href":"https:\/\/www.chateau-des-aiguilles.com\/all\/wp-json\/wp\/v2\/pages"}],"about":[{"href":"https:\/\/www.chateau-des-aiguilles.com\/all\/wp-json\/wp\/v2\/types\/page"}],"author":[{"embeddable":true,"href":"https:\/\/www.chateau-des-aiguilles.com\/all\/wp-json\/wp\/v2\/users\/1"}],"replies":[{"embeddable":true,"href":"https:\/\/www.chateau-des-aiguilles.com\/all\/wp-json\/wp\/v2\/comments?post=28"}],"version-history":[{"count":7,"href":"https:\/\/www.chateau-des-aiguilles.com\/all\/wp-json\/wp\/v2\/pages\/28\/revisions"}],"predecessor-version":[{"id":201,"href":"https:\/\/www.chateau-des-aiguilles.com\/all\/wp-json\/wp\/v2\/pages\/28\/revisions\/201"}],"wp:attachment":[{"href":"https:\/\/www.chateau-des-aiguilles.com\/all\/wp-json\/wp\/v2\/media?parent=28"}],"curies":[{"name":"wp","href":"https:\/\/api.w.org\/{rel}","templated":true}]}}